 of 77 and 405163?
11
Calculate the greatest common divisor of 60452 and 48076.
476
What is the highest common factor of 66026 and 2?
2
What is the greatest common factor of 24485 and 236?
59
Calculate the greatest common factor of 3 and 1061421.
3
Calculate the greatest common factor of 565 and 315.
5
What is the highest common factor of 132 and 2343?
33
What is the greatest common divisor of 3 and 539?
1
What is the greatest common factor of 429 and 93819?
33
What is the highest common divisor of 64 and 130944?
64
Calculate the highest common factor of 18377 and 3519.
391
What is the greatest common divisor of 23896 and 3451?
29
Calculate the highest common factor of 207 and 153.
9
Calculate the highest common factor of 24 and 75288.
24
Calculate the highest common factor of 583615 and 604.
151
What is the highest common factor of 2432 and 3856?
16
What is the highest common factor of 5451660 and 279?
279
What is the greatest common divisor of 12747 and 8190?
21
What is the greatest common divisor of 119 and 36743?
7
Calculate the highest common divisor of 8865 and 1056708.
1773
What is the greatest common divisor of 16482037 and 143?
143
Calculate the highest common factor of 2893 and 1197176.
263
Calculate the greatest common factor of 4429 and 10320.
43
What is the highest common divisor of 493392 and 24?
24
Calculate the greatest common divisor of 54014 and 1673.
239
Calculate the highest common divisor of 30920 and 80.
40
What is the highest common factor of 13777 and 184?
23
What is the highest common factor of 1705880 and 440?
440
Calculate the highest common factor of 11 and 75713.
11
Calculate the highest common divisor of 157 and 43960.
157
What is the greatest common divisor of 18084 and 44?
44
Calculate the highest common divisor of 2352 and 3672.
24
Calculate the highest common divisor of 129518 and 4.
2
Calculate the highest common factor of 20225 and 625.
25
Calculate the highest common divisor of 266 and 685748.
266
Calculate the greatest common factor of 395525 and 169.
13
Calculate the greatest common divisor of 882310 and 572.
286
Calculate the greatest common divisor of 10 and 5947730.
10
What is the greatest common factor of 57184 and 544?
32
Calculate the greatest common divisor of 19 and 201419.
19
Calculate the highest common divisor of 124 and 40982.
62
Calculate the greatest common divisor of 49 and 1876847.
49
Calculate the greatest common factor of 1695 and 1755.
15
Calculate the greatest common factor of 911817 and 81.
81
What is the greatest common divisor of 8 and 109784?
8
Calculate the highest common divisor of 1541 and 1675.
67
What is the greatest common divisor of 1992 and 19671?
249
What is the greatest common factor of 38 and 2791879?
19
Calculate the greatest common factor of 18 and 2854.
2
What is the highest common divisor of 4635 and 1125?
45
Calculate the highest common factor of 2506446 and 102.
102
Calculate the greatest common factor of 65 and 521105.
65
Calculate the highest common divisor of 406 and 3190.
58
What is the greatest common factor of 1358 and 12782?
14
Calculate the greatest common factor of 1043 and 1239.
7
What is the greatest common factor of 44 and 39446?
22
Calculate the greatest common divisor of 168850 and 100.
50
Calculate the greatest common factor of 4032 and 1302.
42
Calculate the highest common divisor of 458044 and 7460.
1492
What is the highest common divisor of 80 and 935?
5
Calculate the highest common factor of 2300 and 1175.
25
Calculate the highest common divisor of 31088 and 87.
29
Calculate the highest common divisor of 5658 and 16698.
138
Calculate the greatest common factor of 137040 and 624.
48
Calculate the highest common divisor of 207 and 1159913.
23
Calculate the highest common divisor of 93234 and 369.
123
What is the highest common divisor of 2072 and 91784?
56
Calculate the greatest common divisor of 54150 and 100.
50
Calculate the greatest common factor of 64 and 84.
4
What is the greatest common divisor of 127095 and 2775?
555
Calculate the greatest common factor of 18560 and 6090.
290
What is the greatest common divisor of 10450 and 2200?
550
What is the greatest common factor of 225 and 153180?
45
What is the highest common factor of 6794 and 16432?
158
What is the highest common divisor of 39559 and 1547?
221
What is the greatest common divisor of 1412 and 1266211?
353
What is the highest common divisor of 2373718 and 6590?
1318
What is the greatest common divisor of 236708 and 68?
68
What is the greatest common divisor of 114 and 212781?
57
Calculate the highest common divisor of 1662 and 3992678.
554
Calculate the greatest common factor of 130078 and 364.
26
Calculate the greatest common divisor of 299 and 17836.
13
What is the highest common divisor of 2035 and 46435?
185
Calculate the highest common divisor of 624 and 243360.
624
What is the highest common divisor of 298 and 58557?
149
What is the highest common factor of 1665 and 91305?
45
Calculate the highest common factor of 9389470 and 10.
10
What is the greatest common divisor of 1430 and 1505075?
715
What is the highest common divisor of 340 and 187510?
170
What is the greatest common factor of 53221 and 7?
7
Calculate the greatest common divisor of 5728 and 800.
32
What is the greatest common divisor of 846 and 11160?
18
What is the greatest common divisor of 29982 and 24?
6
What is the highest common divisor of 36 and 538284?
12
Calculate the greatest common factor of 121893 and 123.
123
What is the highest common factor of 16733 and 1073?
29
Calculate the greatest common factor of 274 and 120149.
137
Calculate the highest common factor of 25 and 158125.
25
What is the highest common factor of 204 and 7788?
12
Calculate the highest common factor of 560 and 24920.
280
Calculate the greatest common divisor of 37710 and 894.
6
Calculate the highest common divisor of 20 and 868165.
5
Calculate the greatest common divisor of 460 and 17112.
92
What is the highest common factor of 532 and 155596?
28
What is the highest common divisor of 1236 and 76?
4
What is the highest common factor of 34 and 323?
17
Calculate the highest common factor of 2886 and 2262.
78
Calculate the highest common factor of 93 and 177227.
31
What is the highest common divisor of 103017 and 3105?
69
What is the highest common divisor of 629510 and 595?
595
Calculate the highest common factor of 216017 and 5769.
641
What is the greatest common divisor of 11 and 11181049?
11
Calculate the highest common divisor of 38 and 7007086.
38
Calculate the greatest common factor of 441 and 2979.
9
What is the highest common divisor of 44 and 120274?
22
Calculate the greatest common factor of 2138 and 749369.
1069
Calculate the highest common factor of 208 and 667108.
52
What is the greatest common divisor of 9 and 2?
1
Calculate the greatest common divisor of 72102 and 2013.
183
What is the greatest common divisor of 55332 and 232?
116
What is the greatest common factor of 1190924 and 28?
28
Calculate the greatest common factor of 4170413 and 169.
169
What is the greatest common divisor of 3984 and 36?
12
Calculate the greatest common factor of 189052 and 604.
604
What is the greatest common factor of 6851 and 434?
31
Calculate the greatest common factor of 440 and 32208.
88
What is the greatest common divisor of 140 and 315660?
20
Calculate the highest common factor of 4370 and 1030.
10
Calculate the greatest common factor of 168 and 1167992.
56
Calculate the greatest common factor of 25664 and 832.
64
What is the greatest common factor of 20005 and 215?
5
Calculate the greatest common divisor of 9315 and 529.
23
Calculate the greatest common factor of 18354 and 2576.
322
Calculate the highest common divisor of 16 and 12514.
2
What is the greatest common divisor of 201580 and 160?
20
What is the greatest common factor of 4853331 and 189?
189
Calculate the highest common factor of 372 and 11046.
6
Calculate the highest common factor of 403 and 119381.
31
Calculate the greatest common factor of 143 and 2167.
11
Calculate the highest common factor of 77 and 2686189.
11
What is the greatest common divisor of 231 and 4587?
33
Calculate the greatest common factor of 2081241 and 19.
19
Calculate the greatest common divisor of 9564 a